{"id":4716,"date":"2025-02-09T17:15:48","date_gmt":"2025-02-09T16:15:48","guid":{"rendered":"https:\/\/www.synagogue-montevideo31.com\/?page_id=4716"},"modified":"2025-02-23T07:43:41","modified_gmt":"2025-02-23T06:43:41","slug":"recit-dune-vie","status":"publish","type":"page","link":"https:\/\/www.synagogue-montevideo31.com\/?page_id=4716","title":{"rendered":"R\u00e9cit d&#8217;une vie"},"content":{"rendered":"\n<div class=\"wp-block-cover is-light\" style=\"min-height:166px;aspect-ratio:unset;\"><span aria-hidden=\"true\" class=\"wp-block-cover__background has-background-dim\" style=\"background-color:#ae9888\"><\/span><img loading=\"lazy\" decoding=\"async\" width=\"2560\" height=\"1920\" class=\"wp-block-cover__image-background wp-image-391\" alt=\"\" src=\"https:\/\/www.synagogue-montevideo31.com\/wp-content\/uploads\/2020\/06\/Shule-Juin-2020-Hanoucciah-scaled.jpg\" data-object-fit=\"cover\" srcset=\"https:\/\/www.synagogue-montevideo31.com\/wp-content\/uploads\/2020\/06\/Shule-Juin-2020-Hanoucciah-scaled.jpg 2560w, https:\/\/www.synagogue-montevideo31.com\/wp-content\/uploads\/2020\/06\/Shule-Juin-2020-Hanoucciah-300x225.jpg 300w, https:\/\/www.synagogue-montevideo31.com\/wp-content\/uploads\/2020\/06\/Shule-Juin-2020-Hanoucciah-1024x768.jpg 1024w, https:\/\/www.synagogue-montevideo31.com\/wp-content\/uploads\/2020\/06\/Shule-Juin-2020-Hanoucciah-768x576.jpg 768w, https:\/\/www.synagogue-montevideo31.com\/wp-content\/uploads\/2020\/06\/Shule-Juin-2020-Hanoucciah-1536x1152.jpg 1536w, https:\/\/www.synagogue-montevideo31.com\/wp-content\/uploads\/2020\/06\/Shule-Juin-2020-Hanoucciah-2048x1536.jpg 2048w, https:\/\/www.synagogue-montevideo31.com\/wp-content\/uploads\/2020\/06\/Shule-Juin-2020-Hanoucciah-600x450.jpg 600w\" sizes=\"auto, (max-width: 2560px) 100vw, 2560px\" \/><div class=\"wp-block-cover__inner-container is-layout-constrained wp-block-cover-is-layout-constrained\">\n<p class=\"has-text-align-center has-large-font-size\"><\/p>\n<\/div><\/div>\n\n\n\n<div style=\"height:48px\" aria-hidden=\"true\" class=\"wp-block-spacer\"><\/div>\n\n\n\n<p>Cette rubrique pr\u00e9sente la vie de personnalit\u00e9s de notre communaut\u00e9, et vise \u00e0 constituer une archive multim\u00e9dia de notre communaut\u00e9. Elle sera \u00e9tendue et enrichie avec le temps.<\/p>\n\n\n\n<p><\/p>\n\n\n\n<h3 class=\"wp-block-heading\">Paul Atlan<\/h3>\n\n\n\n<p>Paul Atlan raconte les faits marquants de sa vie de m\u00e9decin. Interview\u00e9 par Laurent Voignac (F\u00e9vrier 2025).<\/p>\n\n\n\n<figure class=\"wp-block-embed is-type-video is-provider-youtube wp-block-embed-youtube wp-embed-aspect-16-9 wp-has-aspect-ratio\"><div class=\"wp-block-embed__wrapper\">\n<iframe loading=\"lazy\"  id=\"_ytid_76470\"  width=\"800\" height=\"450\"  data-origwidth=\"800\" data-origheight=\"450\" src=\"https:\/\/www.youtube.com\/embed\/7x9cwhX6D-8?enablejsapi=1&#038;autoplay=0&#038;cc_load_policy=0&#038;cc_lang_pref=&#038;iv_load_policy=1&#038;loop=0&#038;rel=1&#038;fs=1&#038;playsinline=0&#038;autohide=2&#038;theme=dark&#038;color=red&#038;controls=1&#038;disablekb=0&#038;\" class=\"__youtube_prefs__  epyt-is-override  no-lazyload\" title=\"YouTube player\"  allow=\"fullscreen; accelerometer; autoplay; clipboard-write; encrypted-media; gyroscope; picture-in-picture; web-share\" referrerpolicy=\"strict-origin-when-cross-origin\" allowfullscreen data-no-lazy=\"1\" data-skipgform_ajax_framebjll=\"\"><\/iframe>\n<\/div><\/figure>\n\n\n\n<h3 class=\"wp-block-heading\">Charles MEYER<\/h3>\n\n\n\n<p>Pr\u00e9sentation de la vie de Charles Meyer, interview\u00e9 par Laurent Voignac (Janvier 2025).<br><\/p>\n\n\n\n<figure class=\"wp-block-embed is-type-video is-provider-youtube wp-block-embed-youtube wp-embed-aspect-16-9 wp-has-aspect-ratio\"><div class=\"wp-block-embed__wrapper\">\n<iframe loading=\"lazy\"  id=\"_ytid_12074\"  width=\"800\" height=\"450\"  data-origwidth=\"800\" data-origheight=\"450\" src=\"https:\/\/www.youtube.com\/embed\/wil3ZidhlUU?enablejsapi=1&#038;autoplay=0&#038;cc_load_policy=0&#038;cc_lang_pref=&#038;iv_load_policy=1&#038;loop=0&#038;rel=1&#038;fs=1&#038;playsinline=0&#038;autohide=2&#038;theme=dark&#038;color=red&#038;controls=1&#038;disablekb=0&#038;\" class=\"__youtube_prefs__  epyt-is-override  no-lazyload\" title=\"YouTube player\"  allow=\"fullscreen; accelerometer; autoplay; clipboard-write; encrypted-media; gyroscope; picture-in-picture; web-share\" referrerpolicy=\"strict-origin-when-cross-origin\" allowfullscreen data-no-lazy=\"1\" data-skipgform_ajax_framebjll=\"\"><\/iframe>\n<\/div><\/figure>\n\n\n\n<div style=\"height:29px\" aria-hidden=\"true\" class=\"wp-block-spacer\"><\/div>\n\n\n\n<h4 class=\"wp-block-heading\">Paul OHANA<\/h4>\n\n\n\n<p>Pr\u00e9sentation de la vie de Paul Ohana, interview\u00e9 par Laurent Voignac (D\u00e9cembre 2024).<\/p>\n\n\n\n<figure class=\"wp-block-embed is-type-video is-provider-youtube wp-block-embed-youtube wp-embed-aspect-16-9 wp-has-aspect-ratio\"><div class=\"wp-block-embed__wrapper\">\n<iframe loading=\"lazy\"  id=\"_ytid_36105\"  width=\"800\" height=\"450\"  data-origwidth=\"800\" data-origheight=\"450\" src=\"https:\/\/www.youtube.com\/embed\/Ro3fnqOATao?enablejsapi=1&#038;autoplay=0&#038;cc_load_policy=0&#038;cc_lang_pref=&#038;iv_load_policy=1&#038;loop=0&#038;rel=1&#038;fs=1&#038;playsinline=0&#038;autohide=2&#038;theme=dark&#038;color=red&#038;controls=1&#038;disablekb=0&#038;\" class=\"__youtube_prefs__  epyt-is-override  no-lazyload\" title=\"YouTube player\"  allow=\"fullscreen; accelerometer; autoplay; clipboard-write; encrypted-media; gyroscope; picture-in-picture; web-share\" referrerpolicy=\"strict-origin-when-cross-origin\" allowfullscreen data-no-lazy=\"1\" data-skipgform_ajax_framebjll=\"\"><\/iframe>\n<\/div><\/figure>\n","protected":false},"excerpt":{"rendered":"<p>Cette rubrique pr\u00e9sente la vie de personnalit\u00e9s de notre communaut\u00e9, et vise \u00e0 constituer une archive multim\u00e9dia de notre communaut\u00e9. Elle sera \u00e9tendue et enrichie avec le temps. Paul Atlan Paul Atlan raconte les faits marquants de sa vie de m\u00e9decin. Interview\u00e9 par Laurent Voignac (F\u00e9vrier 2025). Charles MEYER Pr\u00e9sentation de la vie de Charles Meyer, interview\u00e9 par Laurent Voignac (Janvier 2025). Paul OHANA Pr\u00e9sentation de la vie de Paul Ohana, interview\u00e9 par Laurent Voignac (D\u00e9cembre 2024).<\/p>\n","protected":false},"author":1,"featured_media":0,"parent":0,"menu_order":0,"comment_status":"closed","ping_status":"closed","template":"template-parts\/page-template-full-width.php","meta":{"footnotes":""},"class_list":["post-4716","page","type-page","status-publish","hentry"],"_links":{"self":[{"href":"https:\/\/www.synagogue-montevideo31.com\/index.php?rest_route=\/wp\/v2\/pages\/4716","targetHints":{"allow":["GET"]}}],"collection":[{"href":"https:\/\/www.synagogue-montevideo31.com\/index.php?rest_route=\/wp\/v2\/pages"}],"about":[{"href":"https:\/\/www.synagogue-montevideo31.com\/index.php?rest_route=\/wp\/v2\/types\/page"}],"author":[{"embeddable":true,"href":"https:\/\/www.synagogue-montevideo31.com\/index.php?rest_route=\/wp\/v2\/users\/1"}],"replies":[{"embeddable":true,"href":"https:\/\/www.synagogue-montevideo31.com\/index.php?rest_route=%2Fwp%2Fv2%2Fcomments&post=4716"}],"version-history":[{"count":8,"href":"https:\/\/www.synagogue-montevideo31.com\/index.php?rest_route=\/wp\/v2\/pages\/4716\/revisions"}],"predecessor-version":[{"id":4741,"href":"https:\/\/www.synagogue-montevideo31.com\/index.php?rest_route=\/wp\/v2\/pages\/4716\/revisions\/4741"}],"wp:attachment":[{"href":"https:\/\/www.synagogue-montevideo31.com\/index.php?rest_route=%2Fwp%2Fv2%2Fmedia&parent=4716"}],"curies":[{"name":"wp","href":"https:\/\/api.w.org\/{rel}","templated":true}]}}

Récit d&#8217;une vie

<div class="wp-block-cover is-light" style="min-height:166px;aspect-ratio:unset;"><span aria-hidden="true" class="wp-block-cover__background has-background-dim" style="background-color:#ae9888"></span><img loading="lazy" decoding="async" width="2560" height="1920" class="wp-block-cover__image-background wp-image-391" alt="" src="https://www.synagogue-montevideo31.com/wp-content/uploads/2020/06/Shule-Juin-2020-Hanoucciah-scaled.jpg" data-object-fit="cover" srcset="https://www.synagogue-montevideo31.com/wp-content/uploads/2020/06/Shule-Juin-2020-Hanoucciah-scaled.jpg 2560w, https://www.synagogue-montevideo31.com/wp-content/uploads/2020/06/Shule-Juin-2020-Hanoucciah-300x225.jpg 300w, https://www.synagogue-montevideo31.com/wp-content/uploads/2020/06/Shule-Juin-2020-Hanoucciah-1024x768.jpg 1024w, https://www.synagogue-montevideo31.com/wp-content/uploads/2020/06/Shule-Juin-2020-Hanoucciah-768x576.jpg 768w, https://www.synagogue-montevideo31.com/wp-content/uploads/2020/06/Shule-Juin-2020-Hanoucciah-1536x1152.jpg 1536w, https://www.synagogue-montevideo31.com/wp-content/uploads/2020/06/Shule-Juin-2020-Hanoucciah-2048x1536.jpg 2048w, https://www.synagogue-montevideo31.com/wp-content/uploads/2020/06/Shule-Juin-2020-Hanoucciah-600x450.jpg 600w" sizes="auto, (max-width: 2560px) 100vw, 2560px" /><div class="wp-block-cover__inner-container is-layout-constrained wp-block-cover-is-layout-constrained">
<p class="has-text-align-center has-large-font-size"></p>
</div></div>



<div style="height:48px" aria-hidden="true" class="wp-block-spacer"></div>



<p>Cette rubrique présente la vie de personnalités de notre communauté, et vise à constituer une archive multimédia de notre communauté. Elle sera étendue et enrichie avec le temps.</p>



<p></p>



<h3 class="wp-block-heading">Paul Atlan</h3>



<p>Paul Atlan raconte les faits marquants de sa vie de médecin. Interviewé par Laurent Voignac (Février 2025).</p>



<figure class="wp-block-embed is-type-video is-provider-youtube wp-block-embed-youtube wp-embed-aspect-16-9 wp-has-aspect-ratio"><div class="wp-block-embed__wrapper">
<iframe loading="lazy"  id="_ytid_76470"  width="800" height="450"  data-origwidth="800" data-origheight="450" src="https://www.youtube.com/embed/7x9cwhX6D-8?enablejsapi=1&#038;autoplay=0&#038;cc_load_policy=0&#038;cc_lang_pref=&#038;iv_load_policy=1&#038;loop=0&#038;rel=1&#038;fs=1&#038;playsinline=0&#038;autohide=2&#038;theme=dark&#038;color=red&#038;controls=1&#038;disablekb=0&#038;" class="__youtube_prefs__  epyt-is-override  no-lazyload" title="YouTube player"  allow="fullscreen; accelerometer; autoplay; clipboard-write; encrypted-media; gyroscope; picture-in-picture; web-share" referrerpolicy="strict-origin-when-cross-origin" allowfullscreen data-no-lazy="1" data-skipgform_ajax_framebjll=""></iframe>
</div></figure>



<h3 class="wp-block-heading">Charles MEYER</h3>



<p>Présentation de la vie de Charles Meyer, interviewé par Laurent Voignac (Janvier 2025).<br></p>



<figure class="wp-block-embed is-type-video is-provider-youtube wp-block-embed-youtube wp-embed-aspect-16-9 wp-has-aspect-ratio"><div class="wp-block-embed__wrapper">
<iframe loading="lazy"  id="_ytid_12074"  width="800" height="450"  data-origwidth="800" data-origheight="450" src="https://www.youtube.com/embed/wil3ZidhlUU?enablejsapi=1&#038;autoplay=0&#038;cc_load_policy=0&#038;cc_lang_pref=&#038;iv_load_policy=1&#038;loop=0&#038;rel=1&#038;fs=1&#038;playsinline=0&#038;autohide=2&#038;theme=dark&#038;color=red&#038;controls=1&#038;disablekb=0&#038;" class="__youtube_prefs__  epyt-is-override  no-lazyload" title="YouTube player"  allow="fullscreen; accelerometer; autoplay; clipboard-write; encrypted-media; gyroscope; picture-in-picture; web-share" referrerpolicy="strict-origin-when-cross-origin" allowfullscreen data-no-lazy="1" data-skipgform_ajax_framebjll=""></iframe>
</div></figure>



<div style="height:29px" aria-hidden="true" class="wp-block-spacer"></div>



<h4 class="wp-block-heading">Paul OHANA</h4>



<p>Présentation de la vie de Paul Ohana, interviewé par Laurent Voignac (Décembre 2024).</p>



<figure class="wp-block-embed is-type-video is-provider-youtube wp-block-embed-youtube wp-embed-aspect-16-9 wp-has-aspect-ratio"><div class="wp-block-embed__wrapper">
<iframe loading="lazy"  id="_ytid_36105"  width="800" height="450"  data-origwidth="800" data-origheight="450" src="https://www.youtube.com/embed/Ro3fnqOATao?enablejsapi=1&#038;autoplay=0&#038;cc_load_policy=0&#038;cc_lang_pref=&#038;iv_load_policy=1&#038;loop=0&#038;rel=1&#038;fs=1&#038;playsinline=0&#038;autohide=2&#038;theme=dark&#038;color=red&#038;controls=1&#038;disablekb=0&#038;" class="__youtube_prefs__  epyt-is-override  no-lazyload" title="YouTube player"  allow="fullscreen; accelerometer; autoplay; clipboard-write; encrypted-media; gyroscope; picture-in-picture; web-share" referrerpolicy="strict-origin-when-cross-origin" allowfullscreen data-no-lazy="1" data-skipgform_ajax_framebjll=""></iframe>
</div></figure>

<p>Cette rubrique présente la vie de personnalités de notre communauté, et vise à constituer une archive multimédia de notre communauté. Elle sera étendue et enrichie avec le temps. Paul Atlan Paul Atlan raconte les faits marquants de sa vie de médecin. Interviewé par Laurent Voignac (Février 2025). Charles MEYER Présentation de la vie de Charles Meyer, interviewé par Laurent Voignac (Janvier 2025). Paul OHANA Présentation de la vie de Paul Ohana, interviewé par Laurent Voignac (Décembre 2024).</p>
