{"id":360,"date":"2020-06-16T14:22:02","date_gmt":"2020-06-16T12:22:02","guid":{"rendered":"http:\/\/www.synagogue-montevideo32.fr\/?page_id=360"},"modified":"2021-05-16T10:40:07","modified_gmt":"2021-05-16T08:40:07","slug":"conferences","status":"publish","type":"page","link":"https:\/\/www.synagogue-montevideo31.com\/?page_id=360","title":{"rendered":"Conf\u00e9rences"},"content":{"rendered":"\n<div class=\"wp-block-cover has-background-dim\" style=\"min-height:157px;aspect-ratio:unset;\"><img loading=\"lazy\" decoding=\"async\" width=\"2560\" height=\"1920\" class=\"wp-block-cover__image-background wp-image-391\" alt=\"\" src=\"http:\/\/www.synagogue-montevideo32.fr\/wp-content\/uploads\/2020\/06\/Shule-Juin-2020-Hanoucciah-scaled.jpg\" data-object-fit=\"cover\" srcset=\"https:\/\/www.synagogue-montevideo31.com\/wp-content\/uploads\/2020\/06\/Shule-Juin-2020-Hanoucciah-scaled.jpg 2560w, https:\/\/www.synagogue-montevideo31.com\/wp-content\/uploads\/2020\/06\/Shule-Juin-2020-Hanoucciah-300x225.jpg 300w, https:\/\/www.synagogue-montevideo31.com\/wp-content\/uploads\/2020\/06\/Shule-Juin-2020-Hanoucciah-1024x768.jpg 1024w, https:\/\/www.synagogue-montevideo31.com\/wp-content\/uploads\/2020\/06\/Shule-Juin-2020-Hanoucciah-768x576.jpg 768w, https:\/\/www.synagogue-montevideo31.com\/wp-content\/uploads\/2020\/06\/Shule-Juin-2020-Hanoucciah-1536x1152.jpg 1536w, https:\/\/www.synagogue-montevideo31.com\/wp-content\/uploads\/2020\/06\/Shule-Juin-2020-Hanoucciah-2048x1536.jpg 2048w, https:\/\/www.synagogue-montevideo31.com\/wp-content\/uploads\/2020\/06\/Shule-Juin-2020-Hanoucciah-600x450.jpg 600w\" sizes=\"auto, (max-width: 2560px) 100vw, 2560px\" \/><div class=\"wp-block-cover__inner-container is-layout-flow wp-block-cover-is-layout-flow\">\n<p class=\"has-text-align-center has-large-font-size\"><\/p>\n<\/div><\/div>\n\n\n\n<div style=\"height:27px\" aria-hidden=\"true\" class=\"wp-block-spacer\"><\/div>\n\n\n\n<p>Les conf\u00e9rences sont organis\u00e9es par le CCEW et sont class\u00e9es par ann\u00e9e.<\/p>\n","protected":false},"excerpt":{"rendered":"<p>Les conf\u00e9rences sont organis\u00e9es par le CCEW et sont class\u00e9es par ann\u00e9e.<\/p>\n","protected":false},"author":1,"featured_media":0,"parent":0,"menu_order":0,"comment_status":"closed","ping_status":"closed","template":"template-parts\/page-template-full-width.php","meta":{"footnotes":""},"class_list":["post-360","page","type-page","status-publish","hentry"],"_links":{"self":[{"href":"https:\/\/www.synagogue-montevideo31.com\/index.php?rest_route=\/wp\/v2\/pages\/360","targetHints":{"allow":["GET"]}}],"collection":[{"href":"https:\/\/www.synagogue-montevideo31.com\/index.php?rest_route=\/wp\/v2\/pages"}],"about":[{"href":"https:\/\/www.synagogue-montevideo31.com\/index.php?rest_route=\/wp\/v2\/types\/page"}],"author":[{"embeddable":true,"href":"https:\/\/www.synagogue-montevideo31.com\/index.php?rest_route=\/wp\/v2\/users\/1"}],"replies":[{"embeddable":true,"href":"https:\/\/www.synagogue-montevideo31.com\/index.php?rest_route=%2Fwp%2Fv2%2Fcomments&post=360"}],"version-history":[{"count":26,"href":"https:\/\/www.synagogue-montevideo31.com\/index.php?rest_route=\/wp\/v2\/pages\/360\/revisions"}],"predecessor-version":[{"id":2439,"href":"https:\/\/www.synagogue-montevideo31.com\/index.php?rest_route=\/wp\/v2\/pages\/360\/revisions\/2439"}],"wp:attachment":[{"href":"https:\/\/www.synagogue-montevideo31.com\/index.php?rest_route=%2Fwp%2Fv2%2Fmedia&parent=360"}],"curies":[{"name":"wp","href":"https:\/\/api.w.org\/{rel}","templated":true}]}}

Conférences

<div class="wp-block-cover has-background-dim" style="min-height:157px;aspect-ratio:unset;"><img loading="lazy" decoding="async" width="2560" height="1920" class="wp-block-cover__image-background wp-image-391" alt="" src="http://www.synagogue-montevideo32.fr/wp-content/uploads/2020/06/Shule-Juin-2020-Hanoucciah-scaled.jpg" data-object-fit="cover" srcset="https://www.synagogue-montevideo31.com/wp-content/uploads/2020/06/Shule-Juin-2020-Hanoucciah-scaled.jpg 2560w, https://www.synagogue-montevideo31.com/wp-content/uploads/2020/06/Shule-Juin-2020-Hanoucciah-300x225.jpg 300w, https://www.synagogue-montevideo31.com/wp-content/uploads/2020/06/Shule-Juin-2020-Hanoucciah-1024x768.jpg 1024w, https://www.synagogue-montevideo31.com/wp-content/uploads/2020/06/Shule-Juin-2020-Hanoucciah-768x576.jpg 768w, https://www.synagogue-montevideo31.com/wp-content/uploads/2020/06/Shule-Juin-2020-Hanoucciah-1536x1152.jpg 1536w, https://www.synagogue-montevideo31.com/wp-content/uploads/2020/06/Shule-Juin-2020-Hanoucciah-2048x1536.jpg 2048w, https://www.synagogue-montevideo31.com/wp-content/uploads/2020/06/Shule-Juin-2020-Hanoucciah-600x450.jpg 600w" sizes="auto, (max-width: 2560px) 100vw, 2560px" /><div class="wp-block-cover__inner-container is-layout-flow wp-block-cover-is-layout-flow">
<p class="has-text-align-center has-large-font-size"></p>
</div></div>



<div style="height:27px" aria-hidden="true" class="wp-block-spacer"></div>



<p>Les conférences sont organisées par le CCEW et sont classées par année.</p>

<p>Les conférences sont organisées par le CCEW et sont classées par année.</p>
