{"id":2612,"date":"2021-07-27T14:15:29","date_gmt":"2021-07-27T12:15:29","guid":{"rendered":"https:\/\/www.synagogue-montevideo31.com\/?page_id=2612"},"modified":"2021-07-28T11:09:00","modified_gmt":"2021-07-28T09:09:00","slug":"centre-dart-du-judaisme-de-jerusalem","status":"publish","type":"page","link":"https:\/\/www.synagogue-montevideo31.com\/?page_id=2612","title":{"rendered":"Centre d&#8217;art du juda\u00efsme de J\u00e9rusalem"},"content":{"rendered":"\n<div class=\"wp-block-cover has-background-dim\" style=\"min-height:153px;aspect-ratio:unset;\"><img loading=\"lazy\" decoding=\"async\" width=\"2560\" height=\"1920\" class=\"wp-block-cover__image-background wp-image-391\" alt=\"\" src=\"https:\/\/www.synagogue-montevideo31.com\/wp-content\/uploads\/2020\/06\/Shule-Juin-2020-Hanoucciah-scaled.jpg\" data-object-fit=\"cover\" srcset=\"https:\/\/www.synagogue-montevideo31.com\/wp-content\/uploads\/2020\/06\/Shule-Juin-2020-Hanoucciah-scaled.jpg 2560w, https:\/\/www.synagogue-montevideo31.com\/wp-content\/uploads\/2020\/06\/Shule-Juin-2020-Hanoucciah-300x225.jpg 300w, https:\/\/www.synagogue-montevideo31.com\/wp-content\/uploads\/2020\/06\/Shule-Juin-2020-Hanoucciah-1024x768.jpg 1024w, https:\/\/www.synagogue-montevideo31.com\/wp-content\/uploads\/2020\/06\/Shule-Juin-2020-Hanoucciah-768x576.jpg 768w, https:\/\/www.synagogue-montevideo31.com\/wp-content\/uploads\/2020\/06\/Shule-Juin-2020-Hanoucciah-1536x1152.jpg 1536w, https:\/\/www.synagogue-montevideo31.com\/wp-content\/uploads\/2020\/06\/Shule-Juin-2020-Hanoucciah-2048x1536.jpg 2048w, https:\/\/www.synagogue-montevideo31.com\/wp-content\/uploads\/2020\/06\/Shule-Juin-2020-Hanoucciah-600x450.jpg 600w\" sizes=\"auto, (max-width: 2560px) 100vw, 2560px\" \/><div class=\"wp-block-cover__inner-container is-layout-flow wp-block-cover-is-layout-flow\">\n<p class=\"has-text-align-center has-large-font-size\"><\/p>\n<\/div><\/div>\n\n\n\n<div style=\"height:29px\" aria-hidden=\"true\" class=\"wp-block-spacer\"><\/div>\n\n\n\n<p>Vous trouverez sur cette page diff\u00e9rents articles ou liens en provenance du Centre d&#8217;art du juda\u00efsme de J\u00e9rusalem (cf. leur site <a rel=\"noreferrer noopener\" href=\"https:\/\/cja.huji.ac.il\/\" target=\"_blank\">cliquer ici<\/a>) :<\/p>\n\n\n\n<div class=\"wp-block-columns is-layout-flex wp-container-core-columns-is-layout-9d6595d7 wp-block-columns-is-layout-flex\">\n<div class=\"wp-block-column is-layout-flow wp-block-column-is-layout-flow\">\n<h3 class=\"wp-block-heading\">Rapport pr\u00e9liminaire sur l&#8217;exp\u00e9dition de recherche le long de la Volga<\/h3>\n\n\n\n<p>Cette exp\u00e9dition a eu lieu en mai et juin 2021. <a rel=\"noreferrer noopener\" href=\"\/divers\/CJA_Report_on_the_Volga_expedition _2021.pdf\" target=\"_blank\">Cliquer ici pour lire le rapport.<\/a><\/p>\n\n\n\n<div class=\"wp-block-image\"><figure class=\"aligncenter size-full\"><img loading=\"lazy\" decoding=\"async\" width=\"906\" height=\"474\" src=\"https:\/\/www.synagogue-montevideo31.com\/wp-content\/uploads\/2021\/07\/Capture-de\u0301cran-2021-07-28-a\u0300-11.07.15.png\" alt=\"\" class=\"wp-image-2624\" srcset=\"https:\/\/www.synagogue-montevideo31.com\/wp-content\/uploads\/2021\/07\/Capture-de\u0301cran-2021-07-28-a\u0300-11.07.15.png 906w, https:\/\/www.synagogue-montevideo31.com\/wp-content\/uploads\/2021\/07\/Capture-de\u0301cran-2021-07-28-a\u0300-11.07.15-300x157.png 300w, https:\/\/www.synagogue-montevideo31.com\/wp-content\/uploads\/2021\/07\/Capture-de\u0301cran-2021-07-28-a\u0300-11.07.15-768x402.png 768w, https:\/\/www.synagogue-montevideo31.com\/wp-content\/uploads\/2021\/07\/Capture-de\u0301cran-2021-07-28-a\u0300-11.07.15-600x314.png 600w\" sizes=\"auto, (max-width: 906px) 100vw, 906px\" \/><figcaption>Synagogue Choral \u00e0 Samara<\/figcaption><\/figure><\/div>\n<\/div>\n\n\n\n<div class=\"wp-block-column is-layout-flow wp-block-column-is-layout-flow\">\n<div class=\"wp-block-image is-style-rounded\"><figure class=\"aligncenter size-large is-resized\"><img loading=\"lazy\" decoding=\"async\" src=\"https:\/\/www.synagogue-montevideo31.com\/wp-content\/uploads\/2021\/07\/Capture-de\u0301cran-2021-07-27-a\u0300-14.19.00-992x1024.png\" alt=\"\" class=\"wp-image-2619\" width=\"324\" height=\"334\" srcset=\"https:\/\/www.synagogue-montevideo31.com\/wp-content\/uploads\/2021\/07\/Capture-de\u0301cran-2021-07-27-a\u0300-14.19.00-992x1024.png 992w, https:\/\/www.synagogue-montevideo31.com\/wp-content\/uploads\/2021\/07\/Capture-de\u0301cran-2021-07-27-a\u0300-14.19.00-291x300.png 291w, https:\/\/www.synagogue-montevideo31.com\/wp-content\/uploads\/2021\/07\/Capture-de\u0301cran-2021-07-27-a\u0300-14.19.00-768x793.png 768w, https:\/\/www.synagogue-montevideo31.com\/wp-content\/uploads\/2021\/07\/Capture-de\u0301cran-2021-07-27-a\u0300-14.19.00-600x619.png 600w, https:\/\/www.synagogue-montevideo31.com\/wp-content\/uploads\/2021\/07\/Capture-de\u0301cran-2021-07-27-a\u0300-14.19.00.png 1178w\" sizes=\"auto, (max-width: 324px) 100vw, 324px\" \/><\/figure><\/div>\n<\/div>\n<\/div>\n","protected":false},"excerpt":{"rendered":"<p>Vous trouverez sur cette page diff\u00e9rents articles ou liens en provenance du Centre d&#8217;art du juda\u00efsme de J\u00e9rusalem (cf. leur site cliquer ici) : Rapport pr\u00e9liminaire sur l&#8217;exp\u00e9dition de recherche le long de la Volga Cette exp\u00e9dition a eu lieu en mai et juin 2021. Cliquer ici pour lire le rapport.<\/p>\n","protected":false},"author":1,"featured_media":0,"parent":0,"menu_order":0,"comment_status":"closed","ping_status":"closed","template":"template-parts\/page-template-full-width.php","meta":{"footnotes":""},"class_list":["post-2612","page","type-page","status-publish","hentry"],"_links":{"self":[{"href":"https:\/\/www.synagogue-montevideo31.com\/index.php?rest_route=\/wp\/v2\/pages\/2612","targetHints":{"allow":["GET"]}}],"collection":[{"href":"https:\/\/www.synagogue-montevideo31.com\/index.php?rest_route=\/wp\/v2\/pages"}],"about":[{"href":"https:\/\/www.synagogue-montevideo31.com\/index.php?rest_route=\/wp\/v2\/types\/page"}],"author":[{"embeddable":true,"href":"https:\/\/www.synagogue-montevideo31.com\/index.php?rest_route=\/wp\/v2\/users\/1"}],"replies":[{"embeddable":true,"href":"https:\/\/www.synagogue-montevideo31.com\/index.php?rest_route=%2Fwp%2Fv2%2Fcomments&post=2612"}],"version-history":[{"count":6,"href":"https:\/\/www.synagogue-montevideo31.com\/index.php?rest_route=\/wp\/v2\/pages\/2612\/revisions"}],"predecessor-version":[{"id":2626,"href":"https:\/\/www.synagogue-montevideo31.com\/index.php?rest_route=\/wp\/v2\/pages\/2612\/revisions\/2626"}],"wp:attachment":[{"href":"https:\/\/www.synagogue-montevideo31.com\/index.php?rest_route=%2Fwp%2Fv2%2Fmedia&parent=2612"}],"curies":[{"name":"wp","href":"https:\/\/api.w.org\/{rel}","templated":true}]}}