{"id":194,"date":"2020-06-02T16:53:58","date_gmt":"2020-06-02T14:53:58","guid":{"rendered":"http:\/\/www.synagogue-montevideo32.fr\/?page_id=194"},"modified":"2021-08-29T16:03:03","modified_gmt":"2021-08-29T14:03:03","slug":"prieres-diverses","status":"publish","type":"page","link":"https:\/\/www.synagogue-montevideo31.com\/?page_id=194","title":{"rendered":"Pri\u00e8res diverses"},"content":{"rendered":"<div class=\"wp-block-cover has-background-dim\" style=\"background-image: url(&apos;http:\/\/www.synagogue-montevideo32.fr\/wp-content\/uploads\/2020\/06\/Shule-Juin-2020-Hanoucciah-scaled.jpg&apos;); min-height: 153px;aspect-ratio:unset;\">\r\n<div class=\"wp-block-cover__inner-container is-layout-flow wp-block-cover-is-layout-flow\">\r\n<p class=\"has-text-align-center has-large-font-size\">\u00a0<\/p>\r\n<\/div>\r\n<\/div>\r\n\r\n<p>&nbsp;<\/p>\r\n\r\n<div class=\"wp-block-spacer\" style=\"height: 24px;\" aria-hidden=\"true\">\u00a0<\/div>\r\n\r\n<p>&nbsp;<\/p>\r\n\r\n<p>Cette page recense les diff\u00e9rentes pri\u00e8res chant\u00e9es selon le rite de la Synagogue, \u00e0 diff\u00e9rentes p\u00e9riodes de l&#8217;ann\u00e9e.<\/p>\r\n\r\n<p>&nbsp;<\/p>\r\n\r\n<h2 class=\"wp-block-heading\">B\u00e9n\u00e9diction du nouveau mois (Birkat Ha&#8217;hodech)<\/h2>\r\n\r\n<p>&nbsp;<\/p>\r\n\r\n<figure class=\"wp-block-audio\"><audio src=\"\/liturgie\/Benizri\/Birkat Hakhodech.mp3\" controls=\"controls\"><\/audio>\r\n<figcaption>&#8216;Hazan Rapha\u00ebl Benizri<\/figcaption>\r\n<\/figure>\r\n\r\n<p>&nbsp;<\/p>\r\n\r\n<h2 class=\"wp-block-heading\">Hallel<\/h2>\r\n\r\n<p>&nbsp;<\/p>\r\n\r\n<figure class=\"wp-block-audio\"><audio src=\"\/liturgie\/Benizri\/Hallel.mp3\" controls=\"controls\"><\/audio>\r\n<figcaption>&#8216;Hazan Rapha\u00ebl Benizri<\/figcaption>\r\n<\/figure>\r\n\r\n<h2>Hochaanot pendant &#8216;Hol Hamo\u00e8d Souccot<\/h2>\r\n<p><iframe loading=\"lazy\" title=\"Procession des Hochaanot pendant Hol Hamoed avec Chmouel Shapiro\" width=\"500\" height=\"281\" src=\"https:\/\/www.youtube.com\/embed\/NeBMWNC8K_E?feature=oembed\" frameborder=\"0\" allow=\"accelerometer; autoplay; clipboard-write; encrypted-media; gyroscope; picture-in-picture; web-share\" referrerpolicy=\"strict-origin-when-cross-origin\" allowfullscreen><\/iframe><\/p>\r\n<p>Avec le &#8216;Hazan Shmouel Shapiro<\/p>\r\n\r\n<p>&nbsp;<\/p>\r\n\r\n<h2 class=\"wp-block-heading\">Hallel de Souccot sur Zoom<\/h2>\r\n<p><iframe loading=\"lazy\" title=\"Hallel de Hol Hamoed de l&#039;office Zoom du CCEW avec Daniel Geissmann\" width=\"500\" height=\"281\" src=\"https:\/\/www.youtube.com\/embed\/dN4zMFJoJ68?feature=oembed\" frameborder=\"0\" allow=\"accelerometer; autoplay; clipboard-write; encrypted-media; gyroscope; picture-in-picture; web-share\" referrerpolicy=\"strict-origin-when-cross-origin\" allowfullscreen><\/iframe><\/p>\r\n<figure class=\"wp-block-embed is-type-video is-provider-youtube wp-block-embed-youtube wp-embed-aspect-16-9 wp-has-aspect-ratio\">\r\n<figcaption>Avec Daniel Geissmann &#8211; le 6 octobre 2020<\/figcaption>\r\n<\/figure>\r\n\r\n<p>&nbsp;<\/p>\r\n\r\n<h2 class=\"wp-block-heading\">B\u00e9n\u00e9diction du nouveau mois de Av<\/h2>\r\n\r\n<p>&nbsp;<\/p>\r\n\r\n<p>Cette pri\u00e8re est chant\u00e9e le Chabbat qui pr\u00e9c\u00e8de le nouveau mois de Av, \u00e0 Cha&#8217;harit, avant la rentr\u00e9e de la Torah.<\/p>\r\n\r\n<p>&nbsp;<\/p>\r\n\r\n<figure class=\"wp-block-audio\"><audio src=\"http:\/\/www.synagogue-montevideo32.fr\/liturgie\/divers\/Bircat Ha'hodesch Mena'hem Av.mp3\" controls=\"controls\"><\/audio>\r\n<figcaption>&#8216;Hazan Shmouel Shapiro<\/figcaption>\r\n<\/figure>","protected":false},"excerpt":{"rendered":"<p>&nbsp; &nbsp; Cette page recense les diff\u00e9rentes pri\u00e8res chant\u00e9es selon le rite de la Synagogue, \u00e0 diff\u00e9rentes p\u00e9riodes de l&#8217;ann\u00e9e. &nbsp; B\u00e9n\u00e9diction du nouveau mois (Birkat Ha&#8217;hodech) &nbsp; &nbsp; Hallel &nbsp; Hochaanot pendant &#8216;Hol Hamo\u00e8d Souccot Avec le &#8216;Hazan Shmouel Shapiro &nbsp; Hallel de Souccot sur Zoom Avec Daniel Geissmann &#8211; le 6 octobre 2020 &nbsp; B\u00e9n\u00e9diction du nouveau mois de Av &nbsp; Cette pri\u00e8re est chant\u00e9e le Chabbat qui pr\u00e9c\u00e8de le nouveau mois de Av, \u00e0 Cha&#8217;harit, avant la rentr\u00e9e de la Torah. &nbsp;<\/p>\n","protected":false},"author":1,"featured_media":0,"parent":0,"menu_order":0,"comment_status":"closed","ping_status":"closed","template":"template-parts\/page-template-full-width.php","meta":{"footnotes":""},"class_list":["post-194","page","type-page","status-publish","hentry"],"_links":{"self":[{"href":"https:\/\/www.synagogue-montevideo31.com\/index.php?rest_route=\/wp\/v2\/pages\/194","targetHints":{"allow":["GET"]}}],"collection":[{"href":"https:\/\/www.synagogue-montevideo31.com\/index.php?rest_route=\/wp\/v2\/pages"}],"about":[{"href":"https:\/\/www.synagogue-montevideo31.com\/index.php?rest_route=\/wp\/v2\/types\/page"}],"author":[{"embeddable":true,"href":"https:\/\/www.synagogue-montevideo31.com\/index.php?rest_route=\/wp\/v2\/users\/1"}],"replies":[{"embeddable":true,"href":"https:\/\/www.synagogue-montevideo31.com\/index.php?rest_route=%2Fwp%2Fv2%2Fcomments&post=194"}],"version-history":[{"count":28,"href":"https:\/\/www.synagogue-montevideo31.com\/index.php?rest_route=\/wp\/v2\/pages\/194\/revisions"}],"predecessor-version":[{"id":2688,"href":"https:\/\/www.synagogue-montevideo31.com\/index.php?rest_route=\/wp\/v2\/pages\/194\/revisions\/2688"}],"wp:attachment":[{"href":"https:\/\/www.synagogue-montevideo31.com\/index.php?rest_route=%2Fwp%2Fv2%2Fmedia&parent=194"}],"curies":[{"name":"wp","href":"https:\/\/api.w.org\/{rel}","templated":true}]}}