{"id":178,"date":"2020-06-02T16:51:38","date_gmt":"2020-06-02T14:51:38","guid":{"rendered":"http:\/\/www.synagogue-montevideo32.fr\/?page_id=178"},"modified":"2021-08-16T22:51:35","modified_gmt":"2021-08-16T20:51:35","slug":"semaine","status":"publish","type":"page","link":"https:\/\/www.synagogue-montevideo31.com\/?page_id=178","title":{"rendered":"Offices en Semaine"},"content":{"rendered":"<div class=\"wp-block-media-text alignwide has-media-on-the-right is-stacked-on-mobile is-vertically-aligned-top\" style=\"grid-template-columns:auto 51%\"><figure class=\"wp-block-media-text__media\"><img loading=\"lazy\" decoding=\"async\" width=\"1024\" height=\"683\" src=\"http:\/\/www.synagogue-montevideo32.fr\/wp-content\/uploads\/2020\/06\/star-of-david-458372_1920-1024x683.jpg\" alt=\"\" class=\"wp-image-348 size-full\" srcset=\"https:\/\/www.synagogue-montevideo31.com\/wp-content\/uploads\/2020\/06\/star-of-david-458372_1920-1024x683.jpg 1024w, https:\/\/www.synagogue-montevideo31.com\/wp-content\/uploads\/2020\/06\/star-of-david-458372_1920-600x400.jpg 600w, https:\/\/www.synagogue-montevideo31.com\/wp-content\/uploads\/2020\/06\/star-of-david-458372_1920-300x200.jpg 300w, https:\/\/www.synagogue-montevideo31.com\/wp-content\/uploads\/2020\/06\/star-of-david-458372_1920-768x512.jpg 768w, https:\/\/www.synagogue-montevideo31.com\/wp-content\/uploads\/2020\/06\/star-of-david-458372_1920-1536x1024.jpg 1536w, https:\/\/www.synagogue-montevideo31.com\/wp-content\/uploads\/2020\/06\/star-of-david-458372_1920.jpg 1920w\" sizes=\"auto, (max-width: 1024px) 100vw, 1024px\" \/><\/figure><div class=\"wp-block-media-text__content\">\r\n<p class=\"has-large-font-size\"><\/p>\r\n\r\n\r\n\r\n<div>Les offices sont assur\u00e9s journellement matin et soir pendant toute l\u2019ann\u00e9e afin de permettre \u00e0 chacun de r\u00e9pondre \u00e0 ses obligations religieuses.<\/div>\r\n<div>\u00a0<\/div>\r\n<div><strong>Tous les horaires sont disponibles sur le calendrier ci-dessous (contactez-nous pour avoir le mot de passe si vous ne l&#8217;avez pas en envoyant un mail via le bandeau du site).<\/strong><\/div>\r\n<div><strong><a href=\"https:\/\/www.synagogue-montevideo31.com\/?page_id=184\" target=\"_blank\" rel=\"noopener\">Calendrier 5781<\/a><\/strong><\/div>\r\n<div>\u00a0<\/div>\r\n<ul>\r\n<li><strong>Cha\u2019harit <\/strong>&#8211; office du matin.<\/li>\r\n<li>L\u2019office de l\u2019apr\u00e8s midi <strong style=\"font-family: -apple-system, BlinkMacSystemFont, 'Segoe UI', Roboto, Oxygen-Sans, Ubuntu, Cantarell, 'Helvetica Neue', sans-serif;\">(Min\u2019ha)<\/strong><span style=\"font-family: -apple-system, BlinkMacSystemFont, 'Segoe UI', Roboto, Oxygen-Sans, Ubuntu, Cantarell, 'Helvetica Neue', sans-serif;\"> est suivi de l\u2019office du soir <\/span><strong style=\"font-family: -apple-system, BlinkMacSystemFont, 'Segoe UI', Roboto, Oxygen-Sans, Ubuntu, Cantarell, 'Helvetica Neue', sans-serif;\">(Maariv).<\/strong><\/li>\r\n<\/ul>\r\n<div>\u00a0<\/div>\r\n<div><br \/>\r\n<p>\u00a0<\/p>\r\n<\/div>\r\n<\/div><\/div>","protected":false},"excerpt":{"rendered":"<p>Les offices sont assur\u00e9s journellement matin et soir pendant toute l\u2019ann\u00e9e afin de permettre \u00e0 chacun de r\u00e9pondre \u00e0 ses obligations religieuses. \u00a0 Tous les horaires sont disponibles sur le calendrier ci-dessous (contactez-nous pour avoir le mot de passe si vous ne l&#8217;avez pas en envoyant un mail via le bandeau du site). Calendrier 5781 \u00a0 Cha\u2019harit &#8211; office du matin. L\u2019office de l\u2019apr\u00e8s midi (Min\u2019ha) est suivi de l\u2019office du soir (Maariv). \u00a0 \u00a0<\/p>\n","protected":false},"author":1,"featured_media":0,"parent":0,"menu_order":0,"comment_status":"closed","ping_status":"closed","template":"template-parts\/page-template-full-width.php","meta":{"footnotes":""},"class_list":["post-178","page","type-page","status-publish","hentry"],"_links":{"self":[{"href":"https:\/\/www.synagogue-montevideo31.com\/index.php?rest_route=\/wp\/v2\/pages\/178","targetHints":{"allow":["GET"]}}],"collection":[{"href":"https:\/\/www.synagogue-montevideo31.com\/index.php?rest_route=\/wp\/v2\/pages"}],"about":[{"href":"https:\/\/www.synagogue-montevideo31.com\/index.php?rest_route=\/wp\/v2\/types\/page"}],"author":[{"embeddable":true,"href":"https:\/\/www.synagogue-montevideo31.com\/index.php?rest_route=\/wp\/v2\/users\/1"}],"replies":[{"embeddable":true,"href":"https:\/\/www.synagogue-montevideo31.com\/index.php?rest_route=%2Fwp%2Fv2%2Fcomments&post=178"}],"version-history":[{"count":21,"href":"https:\/\/www.synagogue-montevideo31.com\/index.php?rest_route=\/wp\/v2\/pages\/178\/revisions"}],"predecessor-version":[{"id":2645,"href":"https:\/\/www.synagogue-montevideo31.com\/index.php?rest_route=\/wp\/v2\/pages\/178\/revisions\/2645"}],"wp:attachment":[{"href":"https:\/\/www.synagogue-montevideo31.com\/index.php?rest_route=%2Fwp%2Fv2%2Fmedia&parent=178"}],"curies":[{"name":"wp","href":"https:\/\/api.w.org\/{rel}","templated":true}]}}

<div class="wp-block-media-text alignwide has-media-on-the-right is-stacked-on-mobile is-vertically-aligned-top" style="grid-template-columns:auto 51%"><figure class="wp-block-media-text__media"><img loading="lazy" decoding="async" width="1024" height="683" src="http://www.synagogue-montevideo32.fr/wp-content/uploads/2020/06/star-of-david-458372_1920-1024x683.jpg" alt="" class="wp-image-348 size-full" srcset="https://www.synagogue-montevideo31.com/wp-content/uploads/2020/06/star-of-david-458372_1920-1024x683.jpg 1024w, https://www.synagogue-montevideo31.com/wp-content/uploads/2020/06/star-of-david-458372_1920-600x400.jpg 600w, https://www.synagogue-montevideo31.com/wp-content/uploads/2020/06/star-of-david-458372_1920-300x200.jpg 300w, https://www.synagogue-montevideo31.com/wp-content/uploads/2020/06/star-of-david-458372_1920-768x512.jpg 768w, https://www.synagogue-montevideo31.com/wp-content/uploads/2020/06/star-of-david-458372_1920-1536x1024.jpg 1536w, https://www.synagogue-montevideo31.com/wp-content/uploads/2020/06/star-of-david-458372_1920.jpg 1920w" sizes="auto, (max-width: 1024px) 100vw, 1024px" /></figure><div class="wp-block-media-text__content">
<p class="has-large-font-size"></p>



<div>Les offices sont assurés journellement matin et soir pendant toute l’année afin de permettre à chacun de répondre à ses obligations religieuses.</div>
<div> </div>
<div><strong>Tous les horaires sont disponibles sur le calendrier ci-dessous (contactez-nous pour avoir le mot de passe si vous ne l&#8217;avez pas en envoyant un mail via le bandeau du site).</strong></div>
<div><strong><a href="https://www.synagogue-montevideo31.com/?page_id=184" target="_blank" rel="noopener">Calendrier 5781</a></strong></div>
<div> </div>
<ul>
<li><strong>Cha’harit </strong>&#8211; office du matin.</li>
<li>L’office de l’après midi <strong style="font-family: -apple-system, BlinkMacSystemFont, 'Segoe UI', Roboto, Oxygen-Sans, Ubuntu, Cantarell, 'Helvetica Neue', sans-serif;">(Min’ha)</strong><span style="font-family: -apple-system, BlinkMacSystemFont, 'Segoe UI', Roboto, Oxygen-Sans, Ubuntu, Cantarell, 'Helvetica Neue', sans-serif;"> est suivi de l’office du soir </span><strong style="font-family: -apple-system, BlinkMacSystemFont, 'Segoe UI', Roboto, Oxygen-Sans, Ubuntu, Cantarell, 'Helvetica Neue', sans-serif;">(Maariv).</strong></li>
</ul>
<div> </div>
<div><br />
<p> </p>
</div>
</div></div>

<p>Les offices sont assurés journellement matin et soir pendant toute l’année afin de permettre à chacun de répondre à ses obligations religieuses.   Tous les horaires sont disponibles sur le calendrier ci-dessous (contactez-nous pour avoir le mot de passe si vous ne l&#8217;avez pas en envoyant un mail via le bandeau du site). Calendrier 5781   Cha’harit &#8211; office du matin. L’office de l’après midi (Min’ha) est suivi de l’office du soir (Maariv).    </p>
