{"id":159,"date":"2020-06-02T16:47:34","date_gmt":"2020-06-02T14:47:34","guid":{"rendered":"http:\/\/www.synagogue-montevideo32.fr\/?page_id=159"},"modified":"2021-07-28T11:28:56","modified_gmt":"2021-07-28T09:28:56","slug":"mariage","status":"publish","type":"page","link":"https:\/\/www.synagogue-montevideo31.com\/?page_id=159","title":{"rendered":"Mariage"},"content":{"rendered":"<div class=\"wp-block-cover has-background-dim\" style=\"background-image: url(&apos;http:\/\/www.synagogue-montevideo32.fr\/wp-content\/uploads\/2020\/06\/Shule-Juin-2020-Hanoucciah-scaled.jpg&apos;); min-height: 153px;aspect-ratio:unset;\">\r\n<div class=\"wp-block-cover__inner-container is-layout-flow wp-block-cover-is-layout-flow\">\r\n<p class=\"has-text-align-center has-large-font-size\">\u00a0<\/p>\r\n<\/div>\r\n<\/div>\r\n\r\n\r\n\r\n<div class=\"wp-block-spacer\" style=\"height: 45px;\" aria-hidden=\"true\">\u00a0<\/div>\r\n\r\n\r\n\r\n<div class=\"wp-block-media-text alignwide has-media-on-the-right is-stacked-on-mobile is-vertically-aligned-top\">\r\n<figure class=\"wp-block-media-text__media\"><img loading=\"lazy\" decoding=\"async\" width=\"1024\" height=\"769\" class=\"wp-image-1067\" src=\"http:\/\/www.synagogue-montevideo32.fr\/wp-content\/uploads\/2020\/08\/Monte\u0301vide\u0301o-4-1024x769.jpg\" alt=\"\" srcset=\"https:\/\/www.synagogue-montevideo31.com\/wp-content\/uploads\/2020\/08\/Monte\u0301vide\u0301o-4-1024x769.jpg 1024w, https:\/\/www.synagogue-montevideo31.com\/wp-content\/uploads\/2020\/08\/Monte\u0301vide\u0301o-4-300x225.jpg 300w, https:\/\/www.synagogue-montevideo31.com\/wp-content\/uploads\/2020\/08\/Monte\u0301vide\u0301o-4-768x577.jpg 768w, https:\/\/www.synagogue-montevideo31.com\/wp-content\/uploads\/2020\/08\/Monte\u0301vide\u0301o-4-1536x1153.jpg 1536w, https:\/\/www.synagogue-montevideo31.com\/wp-content\/uploads\/2020\/08\/Monte\u0301vide\u0301o-4-2048x1538.jpg 2048w, https:\/\/www.synagogue-montevideo31.com\/wp-content\/uploads\/2020\/08\/Monte\u0301vide\u0301o-4-600x451.jpg 600w\" sizes=\"auto, (max-width: 1024px) 100vw, 1024px\" \/><\/figure>\r\n<div class=\"wp-block-media-text__content\">\r\n<p>Chers &#8216;hatan et kala, Mazal Tov !<\/p>\r\n\r\n\r\n\r\n<p>Pour organiser votre &#8216;houpa \u00e0 la Synagogue Montevideo, diverses \u00e9tapes sont n\u00e9cessaires. Certaines rel\u00e8vent de l&#8217;administration avec laquelle il faudra prendre contact ; d\u2019autres rel\u00e8vent du religieux. Le Rabbin vous indiquera toutes les d\u00e9marches \u00e0 suivre pour ce dernier point. Pour la &#8216;houpa elle-m\u00eame, notre choule,\u00a0vous r\u00e9servera\u00a0un accueil\u00a0chaleureux. Les salons du Centre Communautaire Edmond Weil sont \u00e0 votre disposition pour une petite collation.<\/p>\r\n\r\n\r\n\r\n<p>La salle du Centre Communautaire Edmond Weil est souvent utilis\u00e9e pour des vins d&#8217;honneur \u00e0 l&#8217;issu du mariage civil, car la Mairie n\u2019est qu\u2019\u00e0 5 minutes \u00e0 pied. De nombreuses familles, viennent \u00e0 la Synagogue le Chabbat qui pr\u00e9c\u00e8de ou celui qui suit le mariage religieux pour que le mari\u00e9 et sa famille puissent \u00eatre appel\u00e9s \u00e0 la Torah. Apr\u00e8s l\u2019office du Chabbat matin, vous pourrez offrir le Kiddouch \u00e0 vos invit\u00e9s et \u00e0 la communaut\u00e9, et vous pourrez organiser un repas priv\u00e9 le vendredi soir ou le Chabbat midi, apr\u00e8s le Kiddouch. <strong>Consultez la page <a href=\"https:\/\/www.synagogue-montevideo31.com\/?page_id=165\" target=\"_blank\" rel=\"noreferrer noopener\">Location de Salles<\/a> pour plus de d\u00e9tail.<\/strong><\/p>\r\n<\/div>\r\n<\/div>\r\n\r\n\r\n\r\n<div class=\"wp-block-spacer\" style=\"height: 29px;\" aria-hidden=\"true\">\u00a0<\/div>\r\n\r\n\r\n\r\n<div class=\"wp-block-columns is-layout-flex wp-container-core-columns-is-layout-9d6595d7 wp-block-columns-is-layout-flex\">\r\n<div class=\"wp-block-column is-layout-flow wp-block-column-is-layout-flow\">\r\n<h2 class=\"wp-block-heading\">Contactez-nous pour plus d&#8217;information !<\/h2>\r\n\r\n\r\n\r\n<p>Organisation de la c\u00e9r\u00e9monie : <strong>+33 1 45 04 66 73<\/strong><\/p>\r\n\r\n\r\n\r\n<p>Email : <a href=\"mailto:acti@montevideo31.com\"><strong>acti@montevideo31.com<\/strong><\/a><\/p>\r\n\r\n\r\n\r\n<h2 class=\"wp-block-heading\">Pr\u00e9paration spirituelle<\/h2>\r\n\r\n\r\n\r\n<p>T\u00e9l\u00e9phone du Rabbin Milewski : <strong>+33 1 45 04 03 30<\/strong><\/p>\r\n\r\n\r\n\r\n<p>Email du Rabbin Milewski :\u00a0<strong>jacky.milewski@wanadoo.fr<\/strong><\/p>\r\n\r\n\r\n\r\n<p>&nbsp;<\/p>\r\n<\/div>\r\n\r\n\r\n\r\n<div class=\"wp-block-column is-layout-flow wp-block-column-is-layout-flow\">\r\n<h2 class=\"wp-block-heading\">Dates o\u00f9 les mariages ne peuvent pas \u00eatre c\u00e9l\u00e9br\u00e9s<\/h2>\r\n\r\n\r\n\r\n<figure class=\"wp-block-image size-full\"><img loading=\"lazy\" decoding=\"async\" width=\"945\" height=\"1344\" class=\"wp-image-1070\" src=\"http:\/\/www.synagogue-montevideo32.fr\/wp-content\/uploads\/2020\/08\/mariages-montevideo.png\" alt=\"\" srcset=\"https:\/\/www.synagogue-montevideo31.com\/wp-content\/uploads\/2020\/08\/mariages-montevideo.png 945w, https:\/\/www.synagogue-montevideo31.com\/wp-content\/uploads\/2020\/08\/mariages-montevideo-211x300.png 211w, https:\/\/www.synagogue-montevideo31.com\/wp-content\/uploads\/2020\/08\/mariages-montevideo-720x1024.png 720w, https:\/\/www.synagogue-montevideo31.com\/wp-content\/uploads\/2020\/08\/mariages-montevideo-768x1092.png 768w, https:\/\/www.synagogue-montevideo31.com\/wp-content\/uploads\/2020\/08\/mariages-montevideo-600x853.png 600w\" sizes=\"auto, (max-width: 945px) 100vw, 945px\" \/><\/figure>\r\n<\/div>\r\n<\/div>","protected":false},"excerpt":{"rendered":"<p>Chers &#8216;hatan et kala, Mazal Tov ! Pour organiser votre &#8216;houpa \u00e0 la Synagogue Montevideo, diverses \u00e9tapes sont n\u00e9cessaires. Certaines rel\u00e8vent de l&#8217;administration avec laquelle il faudra prendre contact ; d\u2019autres rel\u00e8vent du religieux. Le Rabbin vous indiquera toutes les d\u00e9marches \u00e0 suivre pour ce dernier point. Pour la &#8216;houpa elle-m\u00eame, notre choule,\u00a0vous r\u00e9servera\u00a0un accueil\u00a0chaleureux. Les salons du Centre Communautaire Edmond Weil sont \u00e0 votre disposition pour une petite collation. La salle du Centre Communautaire Edmond Weil est souvent utilis\u00e9e pour des vins d&#8217;honneur \u00e0 l&#8217;issu du mariage civil, car la Mairie n\u2019est qu\u2019\u00e0 5 minutes \u00e0 pied. De nombreuses&#8230; <\/p>\n","protected":false},"author":1,"featured_media":0,"parent":0,"menu_order":0,"comment_status":"closed","ping_status":"closed","template":"template-parts\/page-template-full-width.php","meta":{"footnotes":""},"class_list":["post-159","page","type-page","status-publish","hentry"],"_links":{"self":[{"href":"https:\/\/www.synagogue-montevideo31.com\/index.php?rest_route=\/wp\/v2\/pages\/159","targetHints":{"allow":["GET"]}}],"collection":[{"href":"https:\/\/www.synagogue-montevideo31.com\/index.php?rest_route=\/wp\/v2\/pages"}],"about":[{"href":"https:\/\/www.synagogue-montevideo31.com\/index.php?rest_route=\/wp\/v2\/types\/page"}],"author":[{"embeddable":true,"href":"https:\/\/www.synagogue-montevideo31.com\/index.php?rest_route=\/wp\/v2\/users\/1"}],"replies":[{"embeddable":true,"href":"https:\/\/www.synagogue-montevideo31.com\/index.php?rest_route=%2Fwp%2Fv2%2Fcomments&post=159"}],"version-history":[{"count":18,"href":"https:\/\/www.synagogue-montevideo31.com\/index.php?rest_route=\/wp\/v2\/pages\/159\/revisions"}],"predecessor-version":[{"id":2630,"href":"https:\/\/www.synagogue-montevideo31.com\/index.php?rest_route=\/wp\/v2\/pages\/159\/revisions\/2630"}],"wp:attachment":[{"href":"https:\/\/www.synagogue-montevideo31.com\/index.php?rest_route=%2Fwp%2Fv2%2Fmedia&parent=159"}],"curies":[{"name":"wp","href":"https:\/\/api.w.org\/{rel}","templated":true}]}}

<div class="wp-block-cover has-background-dim" style="background-image: url(&apos;http://www.synagogue-montevideo32.fr/wp-content/uploads/2020/06/Shule-Juin-2020-Hanoucciah-scaled.jpg&apos;); min-height: 153px;aspect-ratio:unset;">
<div class="wp-block-cover__inner-container is-layout-flow wp-block-cover-is-layout-flow">
<p class="has-text-align-center has-large-font-size"> </p>
</div>
</div>



<div class="wp-block-spacer" style="height: 45px;" aria-hidden="true"> </div>



<div class="wp-block-media-text alignwide has-media-on-the-right is-stacked-on-mobile is-vertically-aligned-top">
<figure class="wp-block-media-text__media"><img loading="lazy" decoding="async" width="1024" height="769" class="wp-image-1067" src="http://www.synagogue-montevideo32.fr/wp-content/uploads/2020/08/Montévidéo-4-1024x769.jpg" alt="" srcset="https://www.synagogue-montevideo31.com/wp-content/uploads/2020/08/Montévidéo-4-1024x769.jpg 1024w, https://www.synagogue-montevideo31.com/wp-content/uploads/2020/08/Montévidéo-4-300x225.jpg 300w, https://www.synagogue-montevideo31.com/wp-content/uploads/2020/08/Montévidéo-4-768x577.jpg 768w, https://www.synagogue-montevideo31.com/wp-content/uploads/2020/08/Montévidéo-4-1536x1153.jpg 1536w, https://www.synagogue-montevideo31.com/wp-content/uploads/2020/08/Montévidéo-4-2048x1538.jpg 2048w, https://www.synagogue-montevideo31.com/wp-content/uploads/2020/08/Montévidéo-4-600x451.jpg 600w" sizes="auto, (max-width: 1024px) 100vw, 1024px" /></figure>
<div class="wp-block-media-text__content">
<p>Chers &#8216;hatan et kala, Mazal Tov !</p>



<p>Pour organiser votre &#8216;houpa à la Synagogue Montevideo, diverses étapes sont nécessaires. Certaines relèvent de l&#8217;administration avec laquelle il faudra prendre contact ; d’autres relèvent du religieux. Le Rabbin vous indiquera toutes les démarches à suivre pour ce dernier point. Pour la &#8216;houpa elle-même, notre choule, vous réservera un accueil chaleureux. Les salons du Centre Communautaire Edmond Weil sont à votre disposition pour une petite collation.</p>



<p>La salle du Centre Communautaire Edmond Weil est souvent utilisée pour des vins d&#8217;honneur à l&#8217;issu du mariage civil, car la Mairie n’est qu’à 5 minutes à pied. De nombreuses familles, viennent à la Synagogue le Chabbat qui précède ou celui qui suit le mariage religieux pour que le marié et sa famille puissent être appelés à la Torah. Après l’office du Chabbat matin, vous pourrez offrir le Kiddouch à vos invités et à la communauté, et vous pourrez organiser un repas privé le vendredi soir ou le Chabbat midi, après le Kiddouch. <strong>Consultez la page <a href="https://www.synagogue-montevideo31.com/?page_id=165" target="_blank" rel="noreferrer noopener">Location de Salles</a> pour plus de détail.</strong></p>
</div>
</div>



<div class="wp-block-spacer" style="height: 29px;" aria-hidden="true"> </div>



<div class="wp-block-columns is-layout-flex wp-container-core-columns-is-layout-9d6595d7 wp-block-columns-is-layout-flex">
<div class="wp-block-column is-layout-flow wp-block-column-is-layout-flow">
<h2 class="wp-block-heading">Contactez-nous pour plus d&#8217;information !</h2>



<p>Organisation de la cérémonie : <strong>+33 1 45 04 66 73</strong></p>



<p>Email : <a href="mailto:acti@montevideo31.com"><strong>acti@montevideo31.com</strong></a></p>



<h2 class="wp-block-heading">Préparation spirituelle</h2>



<p>Téléphone du Rabbin Milewski : <strong>+33 1 45 04 03 30</strong></p>



<p>Email du Rabbin Milewski : <strong>jacky.milewski@wanadoo.fr</strong></p>



<p>&nbsp;</p>
</div>



<div class="wp-block-column is-layout-flow wp-block-column-is-layout-flow">
<h2 class="wp-block-heading">Dates où les mariages ne peuvent pas être célébrés</h2>



<figure class="wp-block-image size-full"><img loading="lazy" decoding="async" width="945" height="1344" class="wp-image-1070" src="http://www.synagogue-montevideo32.fr/wp-content/uploads/2020/08/mariages-montevideo.png" alt="" srcset="https://www.synagogue-montevideo31.com/wp-content/uploads/2020/08/mariages-montevideo.png 945w, https://www.synagogue-montevideo31.com/wp-content/uploads/2020/08/mariages-montevideo-211x300.png 211w, https://www.synagogue-montevideo31.com/wp-content/uploads/2020/08/mariages-montevideo-720x1024.png 720w, https://www.synagogue-montevideo31.com/wp-content/uploads/2020/08/mariages-montevideo-768x1092.png 768w, https://www.synagogue-montevideo31.com/wp-content/uploads/2020/08/mariages-montevideo-600x853.png 600w" sizes="auto, (max-width: 945px) 100vw, 945px" /></figure>
</div>
</div>

<p>Chers &#8216;hatan et kala, Mazal Tov ! Pour organiser votre &#8216;houpa à la Synagogue Montevideo, diverses étapes sont nécessaires. Certaines relèvent de l&#8217;administration avec laquelle il faudra prendre contact ; d’autres relèvent du religieux. Le Rabbin vous indiquera toutes les démarches à suivre pour ce dernier point. Pour la &#8216;houpa elle-même, notre choule, vous réservera un accueil chaleureux. Les salons du Centre Communautaire Edmond Weil sont à votre disposition pour une petite collation. La salle du Centre Communautaire Edmond Weil est souvent utilisée pour des vins d&#8217;honneur à l&#8217;issu du mariage civil, car la Mairie n’est qu’à 5 minutes à pied. De nombreuses&#8230; </p>
